 m**4/3 - 5*m**3/6 + 8*m**2. What is t(y)?
7
Suppose -x + 1 = 5*p - 8, 0 = 3*x + p + 1. Let a(h) = -16*h**2 - h - 1. Give a(x).
-16
Let i = -3 + 4. Let l(d) be the second derivative of d**5/15 - d**4/24 + d**3/6 + d**2 + 4*d. Let a(f) be the first derivative of l(f). Calculate a(i).
4
Let m(i) be the first derivative of i**4/4 + 11*i**2/2 + 2. Let c(o) = -o**2 - o + 1. Let j = 0 - 1. Let a(b) = j*m(b) - 6*c(b). What is a(5)?
-6
Let i(g) = -4*g**3 + g**2 - g. Let l be (-15)/5*(-4)/(-6). Let b = 3 + l. What is i(b)?
-4
Suppose 4*i - i - 33 = 0. Let k(o) = 2*o + 1 + 9 - i - o. Let x be (-2 - -1)/(-1 - -2). Determine k(x).
-2
Suppose -2*w + b - 6 + 1 = 0, 0 = w - b + 2. Let y(v) be the third derivative of -v**6/120 - v**5/20 - 2*v**3/3 + 2*v**2 + 71. Give y(w).
-4
Let q(f) be the first derivative of f**4/2 - f**3 - f**2/2 - 5*f + 3. Let r(i) = -i**3 + i**2 + i + 2. Let l(h) = -3*q(h) - 7*r(h). Determine l(-3).
4
Let x(b) = -b**2 + 6. Let d = -4 - -3. Let c = 1 - d. Let p = 2 - c. Calculate x(p).
6
Suppose -5*v + 2*v - 12 = -4*j, -12 = 2*v - 4*j. Let m(h) be the second derivative of v + 0*h**2 + 1/12*h**4 - 4*h - 5/6*h**3. Calculate m(5).
0
Let w be 0 - (0 + 0 - -1). Suppose 6*g - 28 = 20. Let q(k) = -g*k**3 + 0 + 2 - 1. Calculate q(w).
9
Let g(n) = n - 14. Let l(m) = -m**3 + 15*m**2 + 2*m - 20. Let f be l(15). Determine g(f).
-4
Let w(f) = f + 0*f**2 - f**2 + 0*f. Let u = -5 - -7. Let a be (u/3)/((-4)/6). Give w(a).
-2
Let h be (10/(-4))/((-2)/(-4)). Let o(s) = -7*s**2 + 6*s - 6. Let f(l) = 9*l**2 - 6*l + 6. Let u(m) = 4*f(m) + 5*o(m). Calculate u(h).
-11
Let a = 24 - 15. Let s(f) = 0 + a - 2 - f. Suppose 2*v - 18 = -2*k, -v - 3 - 4 = -3*k. Determine s(v).
2
Let l(z) be the third derivative of -z**6/120 + z**5/20 - z**4/24 - z**2. Let g(v) = v**2 - 11*v - 10. Let i be g(12). Give l(i).
2
Let m(c) be the second derivative of -c**4/12 - c**3 + 3*c**2/2 - c - 24. What is m(-6)?
3
Let b = 29 - 27. Let n(z) = 2 - 3 - z**b + 3. Let v(u) = -u**2 - 5*u - 2. Let t be v(-4). Determine n(t).
-2
Let v = 11 + -17. Let h(u) = 7*u + 2. Let x(i) = -i - 1. Let r(c) = v*x(c) - h(c). Let o be r(3). Let y(p) = -6*p**3 + 2*p**2 - 1. Determine y(o).
-5
Let u(p) = -p**3 - 4*p**2 + p - 2. Suppose -2*x = -c - 2*c + 2, -5*c - 4*x - 4 = 0. Suppose c = -8*t + 3*t - 20. Give u(t).
-6
Suppose -3*l = 2*d - 34, 5*l - 9*l - 4*d = -52. Let o(s) be the second derivative of s**3/6 - 4*s**2 + s. What is o(l)?
0
Let s(f) = -f**2 + 2*f + 2. Let w(q) = -q. Let l(n) = -s(n) - 6*w(n). Let y be l(-5). Suppose 0 = -y*d - d. Let i(z) = z**2 - z - 6. Give i(d).
-6
Let v = 11 + -7. Let m(b) = 5*b**2 - b**2 + b + 2*b - 1 - 5*b**2. What is m(v)?
-5
Suppose -6*p + 13*p + 98 = 0. Let k(o) = -o**3 - 13*o**2 + 15*o + 15. What is k(p)?
1
Let a(m) = m**2 + 4*m. Suppose -i - 13 = 2*i + 2*q, 3*i + 3*q + 15 = 0. Let j be (i/(-9))/((-1)/9). Determine a(j).
-3
Let u(d) = 13*d**2 - 1. Let i(j) = j**2. Suppose 5*q = 5*c - 20, -5*q + 3*c - 2 - 8 = 0. Let p(m) = q*u(m) - i(m). Calculate p(-1).
11
Let a(s) = -s**2 - 3*s + 3. Let c(v) = -2*v**2 - 6*v + 7. Let w(l) = 9*a(l) - 4*c(l). Let z(m) be the first derivative of w(m). Calculate z(-4).
5
Let d(k) = k**2 - 7*k + 8. Let r be d(6). Let g = r + 2. Let f(v) = 9*v - 10. Let l(h) = -4*h + 5. Let x(o) = 2*f(o) + 5*l(o). What is x(g)?
-3
Suppose -s - 3*p + 14 = 0, -6 = 3*s - 5*p + 2*p. Let z = -19 - -21. Let i(d) = -2*d**2 + d + d**3 - 2 - 2 + 8*d**2 - z*d**s. Calculate i(-3).
2
Suppose 3 = 5*q + 2*n, -3*q = -8*q + 2*n + 7. Let t(w) = w + 0 + q + 0. Determine t(5).
6
Let l(n) = -2*n**2 + 7*n + 3. Let v(u) = -2*u**2 + 20 + 29*u - 8 - 6*u**2. Let c(o) = -9*l(o) + 2*v(o). Calculate c(4).
9
Let z(n) = 3*n + 12. Let q(t) = 4*t + 13. Let y(i) = -4*q(i) + 5*z(i). Suppose 8*a = 17 + 31. Determine y(a).
2
Let p(d) = 1. Let u(a) = -a + 7. Let v(r) = 3*p(r) - u(r). Give v(0).
-4
Let f = -18 - -12. Let h(i) = 2*i + 7. Calculate h(f).
-5
Let v(y) = y**3 + 5*y**2 + 2. Suppose -3*k = 4*q + 40, -20 = -2*k - 3*k. Let l = q + 8. What is v(l)?
2
Let u(v) = -v**3 + 2*v**2 - 2*v + 2. Let q be -3 + 2 + -4 + 4 + 3. Calculate u(q).
-2
Let n = -7 + 9. Suppose -j - 3 = -2*j. Let x(c) = 3 + 1 - j*c**n + 4*c**2 + 7*c + 5. Determine x(-6).
3
Let v(u) = -u**3 - u - 11. Let b be 9/(-27) - 1/(-3). Calculate v(b).
-11
Let x(r) = -r**3 + 5*r**2 - r + 5. Let j(f) = -6*f - 2. Let a be j(-2). Suppose 2*m - 6 = -m. Suppose 2*u + 4*q = -a, u + m = -3*q - 8. Give x(u).
0
Let n(x) be the first derivative of x**4/4 + x**3/3 - x**2/2 + x + 2. Let l be n(1). Let q(b) = 1 + 0 + b**3 + b**l - 2*b**2. Give q(-1).
-1
Let f = 11 - 15. Let z(j) = j**2 + j + 1. Let p(t) = 3*t**2 + 3*t + 5. Let n(k) = f*z(k) + p(k). Give n(-2).
-1
Let y(b) = 2*b**3 + 4*b**2 - 3*b - 7. Let d(v) = -v**3 - v**2 + 1. Let i(x) = d(x) + y(x). What is i(-4)?
-10
Let a(v) = v**2 + v - 5. Suppose -q - 5 - 4 = 0. Suppose 3*t = -2*t + 2*h - 43, 3*t + h + 28 = 0. Let s = t - q. What is a(s)?
-5
Let y(f) = -f - 6. Let m be y(-6). Let q(u) = -u + m - 1 - 2. Let l be 2*((-50)/4)/5. What is q(l)?
2
Suppose -27 = -2*l + 3*j, -6 - 14 = -5*l - 2*j. Let r(n) = 0*n - 4*n - 2*n - n**2 + 0 - l. What is r(-4)?
2
Let y(k) = -2*k - 11. Suppose -3*i + 7*i + 32 = 0. Determine y(i).
5
Suppose -3*t + 0*t - 3*m + 24 = 0, 4*m = -2*t + 18. Let g be (-4)/10 - t/(-5). Let x(p) = 8*p**3 - p**2 - p + 1. What is x(g)?
7
Let z(g) = g**3 - 3 + 5*g**2 + 3 - 2*g. Suppose 0 = -5*k - 3*i - 10, 3*k + 5*i - 5 = -k. Give z(k).
10
Suppose 0 = 5*q - 11 - 9. Let m(x) be the first derivative of -3*x + x**3 + 2*x**2 - 1/4*x**4 + 1. Calculate m(q).
-3
Let c = 6 - 6. Let g = c + -3. Let o(b) = -b**2 - 3*b + 1. Give o(g).
1
Let x(l) = l**3 - 3*l**2 + 1. Let a = -7 + 8. Let m be -1 - -2 - (-2 + a). Let f be m/7 + 19/7. What is x(f)?
1
Suppose -f = 2*f + 9. Let x(q) = q**2 + 2*q + 3. Give x(f).
6
Let g be (2 + (-5)/2)/(7/(-14)). Let o(y) = 7*y**3 + 1. Calculate o(g).
8
Let b be 8/36 + 47/(-9). Suppose z = -3*z + 8. Let q(g) = 2*g - g + 3 - z. Determine q(b).
-4
Let m(v) be the second derivative of v**4/12 - v**3/6 + v**2 + 16*v. Determine m(4).
14
Let o(h) = h**3 - 2*h**2 + 2*h. Let d(y) = y**2 + 9*y + 3. Let t be d(-9). Calculate o(t).
15
Let r(l) be the third derivative of l**5/60 + 5*l**4/24 - 4*l**3/3 + l**2. Let y be r(-6). Let g(w) = -3*w - 1. What is g(y)?
5
Suppose 35*z + 121 = -54. Suppose -o - 4*o = -15. Let f(r) = -4*r**2 - 3 - 4*r + 6*r - r**o + r. Calculate f(z).
7
Suppose 8*u + 4 = 12. Let i(o) = 7*o**2 - 2*o + 1. Calculate i(u).
6
Let l(m) = -m - 2. Suppose -3*n - n + 12 = 0. Let q(t) = -t + 15. Let s be q(12). Suppose n*b + 12 - s = 0. What is l(b)?
1
Let m(t) = 7*t - 10*t**3 - 9 + 0*t**2 + 9*t**3 - 8*t**2 + t**2. What is m(-8)?
-1
Let i(w) = w**2 + 8*w + 9. Suppose -m = 2*a + 2*m + 47, 4*a + 73 = m. Let l = 13 + a. Calculate i(l).
-3
Suppose -3*b - 2*b + 4*k - 5 = 0, -4*b + 3*k - 3 = 0. Let t(u) = -2*u**2 + b*u**2 + 17 - 8. Let r = -83 - -83. Determine t(r).
9
Let g(k) be the third derivative of k**6/60 - k**5/20 + k**4/8 - k**3/2 + k**2 + 20*k. Determine g(2).
7
Let q(u) = -5*u**2. Let p be q(1). Let n(o) = -o - 4. Calculate n(p).
1
Suppose 0 = t - 2 - 0. Let d be -15 - t*(3 + -2). Let j(w) = 33*w + 14. Let y(a) = 11*a + 5. Let i(c) = d*y(c) + 6*j(c). Calculate i(1).
10
Suppose 0 = -0*k - 5*k + 10. Suppose -k*g + 8 = -2. Let n(m) be the first derivative of -m**4/4 + 4*m**3/3 + 5*m**2/2 + 2. Give n(g).
0
Let g(m) = -2*m. Let t = -5 + 4. Let y be -10*(-1)/(-2)*t. Let z be ((-5)/(-3))/y*-3. What is g(z)?
2
Let b(o) be the first derivative of -o**7/840 - o**6/60 + o**5/120 - o**4/24 - 2*o**3/3 - 3. Let l(j) be the third derivative of b(j). Give l(-6).
-7
Let i(w) be the third derivative of -w**5/60 - w**4/24 - w**3/2 - 5*w**2. Determine i(0).
-3
Let p(c) = -10*c - 3. Let b(z) = -19*z - 7. Let w(i) = -3*b(i) + 7*p(i). What is w(-1)?
13
Let c(a) = -a**3 + 4*a**2 - a - 3. Let k(b) = 5*b - 65*b**2 - 2 - 2*b + 67*b**2. Let n be k(1). Calculate c(n).
3
Let q(t) = -7 + 20*t - 9*t - 10*t. Give q(11).
4
Suppose 3*a + b = -0*b + 2, 5*b - 22 = -3*a. Let z(y) = 2*y. What is z(a)?
-2
Let l(k) be the third derivative of 1/4*k**4 + k**2 - 1/3*k**3 - 1/60*k**5 + 0*k + 0. What is l(5)?
3
Let o = 18 + -13. Suppose o*w = 3*w + 4. Let d(g) = 2*g - w*g - 2 - 3*g. Calculate d(-2).
4
Let x(w) 